43. Calculate the highest common factor of 24 and h.
8
Let r = -7684 + 7687. What is the highest common factor of 768 and r?
3
Let f = 23 + -21. Suppose -5*r - 4*p = -88, 5*p = f*r - 3 - 19. Let t = r - 13. Calculate the highest common divisor of t and 30.
3
Let c = -603 - -889. What is the greatest common divisor of c and 130?
26
Suppose 4516 = -198*j + 199*j + 2*o, -4*j + 2*o = -18024. Calculate the highest common divisor of 92 and j.
92
Let k = -38 - -116. Suppose m - k = -2*m. Let w = -9210 - -9236. What is the greatest common factor of m and w?
26
Let b(l) = -21*l - 23. Let o be b(-3). Suppose 5*m + 19 + 11 = 0. Let w be m/2*o/(-3). Calculate the highest common factor of 160 and w.
40
Suppose 0*g - 63 = -g - 2*d, -5*d + 25 = 0. Suppose -3*l = -5*j + 2924, 29*j - 1755 = 26*j + 2*l. What is the greatest common divisor of g and j?
53
Let a be (6 + 16)*52/8. Suppose -g - h = -a, 11*g - 566 = 7*g - h. What is the greatest common factor of g and 3?
3
Let r(j) = -90*j - 28. Let m be r(-7). Let n = m - -511. What is the greatest common divisor of 21 and n?
21
Let c = 44 - 42. Suppose 0 = -6*d + 5*d - c. Let p = 20 + d. What is the greatest common divisor of p and 27?
9
Let v(d) = 2*d**3 - 5*d**2 + 6*d - 5. Let o be v(5). Suppose 317*l + 7083 = 1234*l - 3921. What is the highest common factor of o and l?
6
Suppose 5*f = 67 + 53. Suppose 38 = -a - q + 6*q, -q - 8 = a. Let x(y) = 2*y**2 + 24*y - 10. Let b be x(a). What is the highest common factor of b and f?
8
Let f = -3633 - -6528. What is the greatest common divisor of f and 15?
15
Let d = -2005 - -2095. What is the highest common factor of d and 590?
10
Suppose 0 = 11*y - 8 - 113. Let m be (-121108)/(-136) + 2/(3 + 1). Calculate the highest common divisor of y and m.
11
Let n = 8940 + -7640. What is the greatest common divisor of n and 832?
52
Let i = 64 + -38. Suppose 34*q = i*q + 96. Calculate the greatest common factor of q and 6.
6
Let j(p) = 113*p + 642. Let d be j(-5). What is the greatest common factor of d and 385?
77
Let f(k) = -4*k**2 - 4*k + 7. Let r be f(0). Calculate the greatest common factor of 24129 and r.
7
Suppose 780*n - 308 = 769*n. Calculate the greatest common factor of 60 and n.
4
Let n = 15 + -16. Let x be n/4 - ((-45)/4 - -2). Suppose -x*i = -11*i + 20. Calculate the greatest common divisor of 30 and i.
10
Suppose 1 = 8*t + 217. Let o be t/9 - -41*1. What is the greatest common factor of 209 and o?
19
Let c be 1*8/(-10) - (3444/(-30) + 6). What is the highest common factor of c and 13?
1
Let a be (9/9)/((-1)/(-7)). Suppose 5*j - 4*r - 96 = 0, -2*r + r + 60 = 4*j. Let w = a + j. What is the greatest common divisor of w and 253?
23
Let b be 2 + 2 - ((-5 - 2) + -4). Let m be (160/(-96))/(b/(-756)). Calculate the greatest common divisor of 364 and m.
28
Suppose 0 = -4*c + 6 + 10, -8 = 4*g - 3*c. Let f(b) = 75*b + 15. Let o be f(g). Let n be ((-8)/(-12))/(2/60). Calculate the greatest common factor of n and o.
10
Let v be (16/72)/((-8)/(-72)). Suppose 0 = -g - v*g + 4*p + 364, 5*p - 115 = -g. Calculate the highest common factor of 15 and g.
15
Suppose -2*u + 385 + 56 = h, -3*h + 4*u + 1243 = 0. What is the greatest common factor of 1088 and h?
17
Let g = 208 - 80. Let r be (147/(-4))/(1/(-4)). Let l = r - 131. What is the highest common divisor of l and g?
16
Suppose 3*i - 10378 = 2*c, 3*i = 5*c - 6*c + 10363. Let g be (-18)/(-8)*i/72. Suppose -4*l + 46 = -2. What is the highest common divisor of l and g?
12
Let l = 153 + -73. Let z = -44 + l. Calculate the highest common factor of z and 24.
12
Let y be -2*10/(-4)*3*2. Suppose -c + 452 = 3*f, -5*f + 656 = -c - 92. Calculate the greatest common factor of f and y.
30
Let z be (-4)/18 + 119540/90. Calculate the highest common factor of z and 48.
16
Let r(v) = 113*v**2 + 93*v + 45. Let i be r(-5). Calculate the greatest common divisor of i and 130.
65
Let o be (-7 - (-11 - 319)) + -11. Calculate the greatest common factor of 468 and o.
156
Suppose -h + 9 = -i, -30 = h - 5*h + 2*i. Let m = 49 - -51. Suppose -242 = -5*r + k, r + r - 2*k = m. Calculate the highest common factor of r and h.
6
Let v be (-37712)/(-12) - (1120/21)/32. Calculate the highest common factor of 63 and v.
9
Let j(v) = -4*v - 44. Let q be j(-13). Suppose 0 = 6*b + q - 158. Calculate the highest common factor of b and 1325.
25
Let r(b) = 22*b + 14 + 0 + b**2 - 2*b**2 - 35. Let k be r(21). Suppose 155 = -k*l + 5*l. What is the highest common divisor of 248 and l?
31
Suppose -44*o - 144411 + 549299 = -0*o. Calculate the highest common divisor of 214 and o.
214
Let q = -53 - -88. Let w be (5 - 7) + (-4)/(-1). Let o(b) = 3*b**2 + b. Let k be o(w). What is the greatest common divisor of k and q?
7
Suppose -5*p - 3*n = -270 - 1059, 3*p + 5*n - 775 = 0. Let h be -1 - ((-3)/(-1) + -14). What is the highest common factor of p and h?
10
Let g(h) = 7*h**2 - 38*h + 80. Let q be g(5). Suppose -3*s = 4*k - 0*k - 364, k = s + 91. Calculate the highest common factor of q and k.
13
Suppose 2*d - 4*x + 136 = 0, d - 4*x = -6*x - 72. Let h be 1 + -1 + d/(-2). Calculate the greatest common factor of h and 7.
7
Let s be 12 + -16 + (-6)/(-1). Suppose -o - t = s*o - 3, -2*o = 2*t + 2. Suppose -o*q = 5*q - 63. What is the greatest common divisor of 45 and q?
9
Let a = -4414 + 4421. Calculate the greatest common factor of 104 and a.
1
Let q(l) = 4*l**2 + 15*l + 3. Let z be q(-5). Let g be (-23)/(-46)*2*7. What is the greatest common factor of g and z?
7
Let g be -2 + ((-24)/(-2))/(-2). Let d be -66*(2 - (-20)/g). Let w = d - 19. Calculate the greatest common divisor of 98 and w.
14
Suppose 2*b - 2*l = l + 10, 8 = b - 3*l. Let c be b/(-7) + (-6 - (-474)/42). What is the highest common divisor of 135 and c?
5
Let n be 229 + (-12)/(1 + 2). Suppose 0*c - n = -3*c - 3*w, 296 = 4*c + 3*w. Let l = -35 + c. What is the highest common factor of 12 and l?
12
Let w be (3 - 2)/(-3*5/(-30)). Let n be (2 + 0)*w/4 + 33. Calculate the greatest common divisor of n and 459.
17
Let a(l) = l**2 - 13*l - 18. Let s be (-459)/(-30) - 33/110. Let b be a(s). Calculate the highest common factor of b and 156.
12
Let a be (-3)/(3/(-2 - -5)). Let h be ((-4)/a - 2)*(-60)/(-8). Let w be (-3 - -18)/h*16*-3. Calculate the highest common divisor of 9 and w.
9
Suppose 0 = c + c - 3*p - 3410, -5*p = -3*c + 5118. Calculate the highest common factor of 477 and c.
53
Let l = 14194 - 14192. What is the highest common factor of l and 53?
1
Let u(y) = -y + 7. Let b be u(-5). Let g = -562 + 566. Let j be 401/g - 3/b. What is the greatest common factor of j and 20?
20
Let m = 2277 + -1709. Calculate the greatest common divisor of m and 3550.
142
Suppose 442*t = 426*t + 65872. What is the highest common divisor of t and 23?
23
Let k be (-672)/576 - 28238/(-12) - -6*1. Calculate the greatest common divisor of k and 1310.
262
Suppose 4*p - 3372 = -7*c, 3*p + 21*c - 2529 = 26*c. What is the greatest common factor of 8711 and p?
281
Let q = -29 - -120. Let h = 19 + q. Calculate the highest common divisor of h and 10.
10
Suppose -108*s + 1161231 - 73023 = 0. Calculate the highest common factor of s and 44.
44
Let l(q) = 6*q**2 - 2*q. Let x be l(-6). Let y(w) = 49*w + 465. Let r be y(-9). What is the greatest common divisor of x and r?
12
Let d be 1 + 4 + (-31)/(-1). Let v(i) = -i**3 - 66*i**2 + 65*i - 86. Let f be v(-67). Calculate the highest common factor of d and f.
12
Let q(a) = -754*a - 390. Let z be q(-54). Suppose 6*x + 20*x = z. Calculate the greatest common divisor of x and 33.
33
Let f be (1 - 2*4) + (-43992)/(-846). What is the highest common factor of f and 1110?
15
Let f = 18760 - 18672. What is the greatest common divisor of f and 4994?
22
Suppose -l - 1275 = -6*l. Let y(v) = -595*v - 27355. Let p be y(-46). What is the greatest common divisor of p and l?
15
Let s be (4/1 + 772/2)/1. Let z(b) = 2*b**2 - 18*b + 32. Let c be z(10). What is the greatest common factor of c and s?
26
Let n(v) = -3*v - 15. Let q be n(-7). Suppose 0 = -q*i + i - 3*x + 222, -2*x = -3*i + 118. Calculate the highest common factor of i and 63.
21
Suppose -4*z - 5*u = -84, -46*u + 41*u = -z + 46. Suppose -45 - 150 = -3*s. What is the highest common divisor of z and s?
13
Suppose -2*i = 3*v - 84, 3*i + 49 = 4*v + 226. What is the greatest common 